on divisor of m and o.
15
Suppose -3*t = -22*t + 285. What is the highest common divisor of 135 and t?
15
Let f be 3*((-50)/(-15) - -4). Let n(w) = w - 1. Let p be n(f). Let y(c) = -5*c - 3. Let g be y(-2). What is the highest common divisor of p and g?
7
Let l(p) = 23*p**2 + 4*p - 1. Let o be l(-4). What is the highest common factor of 54 and o?
27
Let y = -13 + 24. Suppose 3*p - 1 = y. Suppose -3 = -a - 2*a, p*r - 73 = 3*a. Calculate the greatest common factor of r and 19.
19
Suppose y - 4 + 2 = 0. Let u be 3/2*(-12)/y. Let z(x) = x**3 + 11*x**2 + 8*x - 10. Let o be z(u). What is the highest common factor of o and 32?
16
Let x be (-619)/(-3) + 26/39. Calculate the highest common divisor of 18 and x.
9
Let l(k) = k + 61. Let z be l(15). What is the greatest common divisor of 57 and z?
19
Let r be 15/(-2)*(-9 + 33)/(-4). Let b(x) = 6*x**2 + x. Let z be 1*-1*1/1. Let i be b(z). What is the highest common divisor of r and i?
5
Let y(s) = -s**3 - 10*s**2 + 13*s + 12. Let b be y(-11). Let w be (-3)/15 - 202/b. Calculate the greatest common factor of 8 and w.
4
Let a(w) = -w**2 - 4*w - 4. Let v be a(-2). Suppose -4*o + 71 + 29 = v. Calculate the highest common factor of 5 and o.
5
Suppose l - 24 = -5*q - 3, 0 = -q + 5. Let x = l + 16. Let y = x - 8. What is the greatest common divisor of y and 20?
4
Let g = 33 - 33. Suppose v + 2*y = 46 + 24, g = 3*y. Calculate the highest common divisor of 105 and v.
35
Let l = -726 + 979. Calculate the highest common factor of l and 23.
23
Let j be 90/(-270) - 91/(-3). Let s = 27 - 12. What is the greatest common divisor of s and j?
15
Suppose -40*a + 28*a = -288. Calculate the greatest common factor of 616 and a.
8
Suppose -r = 3*r + 132. Let g be 6/r + 92/22. Suppose s = -5*u + 116, -g*u + 5*u - 3*s - 36 = 0. Calculate the highest common divisor of 36 and u.
12
Suppose 6*x - 4*x = m + 101, -58 = -x - m. Let c = 481 - 375. What is the greatest common divisor of c and x?
53
Suppose 11*w + 810 = 38*w. Let m = 9 - -3. Calculate the greatest common divisor of m and w.
6
Suppose 13*z - 9*z - 4*x = 816, -3*x = -9. What is the greatest common factor of z and 27?
9
Suppose 87 + 23 = 11*d. What is the highest common divisor of 490 and d?
10
Let p be 17*1 - (-2 - -1). Let a = -11 + p. Let j(i) = -i**2 + 20*i - 22. Let k be j(18). Calculate the highest common factor of a and k.
7
Let n(w) = -43*w + 3. Let i be n(-6). Calculate the greatest common divisor of i and 29.
29
Suppose -11*j - 120 = -12*j. Suppose -5*b = 4*c - j, -2*b + b - c = -25. What is the highest common divisor of b and 20?
20
Suppose -o + 7*o = 72. Suppose -2*c - r - 3*r = -o, -3*r = 5*c - 44. Let j = 236 - 156. Calculate the highest common divisor of j and c.
10
Let q(y) = y**3 + y**2 - 3*y + 19. Let c be q(0). What is the highest common divisor of c and 190?
19
Let n(x) = 9*x + 2. Let f be n(2). Let t(g) = -4*g + 81. Let m be t(19). What is the greatest common divisor of m and f?
5
Suppose 5*r = t - 229, -3*r + 1202 - 401 = 4*t. What is the greatest common divisor of 4 and t?
4
Let w(h) = 3*h**2 - 9*h + 9. Let q be w(4). Calculate the greatest common factor of q and 273.
21
Suppose q = -4 + 8. Let c = 63 + -17. Suppose -q*y = 2*m - c, -5*y + 98 = -4*m + 8*m. Calculate the greatest common divisor of m and 135.
27
Let p = 6 - -20. Let w be (-2)/6 - (-4553)/87. Calculate the highest common factor of w and p.
26
Suppose 4*h = h + 3*n + 69, 83 = 4*h - n. What is the highest common divisor of h and 10?
10
Suppose 2*a = 4*a. Suppose a = -3*w - 0*w - 5*f + 19, -18 = -2*w - 2*f. Suppose -1 = -5*g + 64. What is the highest common factor of w and g?
13
Let h(t) = -t**3 - t**2 + t + 57. Let v be h(0). Let x(f) = -4*f + 52. Let s be x(15). Let c = v - s. Calculate the greatest common factor of c and 13.
13
Let t be (2 - (-20)/(-8)) + 5/2. Calculate the greatest common divisor of t and 2.
2
Let v = -3 + 22. Let c = v - 12. Calculate the greatest common divisor of 63 and c.
7
Let w be 531/36 + (-15)/(-12). Suppose -4*p + 38 = -2. Let v(g) = -g**2 + 15*g - 2. Let a be v(p). Calculate the highest common divisor of a and w.
16
Suppose 3*l = -2*q + 102, 3 = -4*q - 9. Let a = -15 - -19. Calculate the highest common factor of a and l.
4
Let c(g) = 2*g**3 - 31*g**2 + 12*g + 59. Let q be c(15). Suppose -3*v + 0*v = -63. What is the greatest common factor of q and v?
7
Let t = -45 + 85. Suppose -o + 9 = 2*g, -2*g + 3*g = 3*o + 1. Suppose -5*s - d = -t, -2*s + 1 = g*d + 3. Calculate the highest common factor of s and 36.
9
Let n be 11/3 - 5/(-15). Suppose n*j - 5 = 3, -2*h - 4*j + 394 = 0. Let q = 273 - h. What is the highest common divisor of 16 and q?
16
Suppose -2*r = 9*n - 11*n - 74, 4*r - n - 160 = 0. Calculate the highest common factor of r and 1681.
41
Suppose 4*k - 3 = 9. Suppose 2*r - u = -r + 400, 5*u + 416 = k*r. What is the highest common divisor of r and 12?
12
Let u be (-2)/(-10) + (-99)/(-55). Suppose 52 - 196 = -u*k. Calculate the highest common factor of k and 24.
24
Let w be ((-28)/(-6))/((3 - 0)/72). Let h = w + -40. What is the greatest common factor of h and 24?
24
Let x be (-12)/(5 + -1) - -8. Let f be (3 - 4)*(2 - (x - -2)). Calculate the greatest common factor of 45 and f.
5
Let j be -67 - -86 - (3 - -2). What is the greatest common factor of j and 448?
14
Let t = -22 + 29. Let g(n) = n**2 + 4*n - 3. Let y(w) = -w**2. Let p(a) = g(a) - 5*y(a). Let x be p(-4). What is the highest common factor of t and x?
7
Let r(b) = -4*b**2 - 19*b + 4. Let i be r(-4). What is the highest common factor of 560 and i?
16
Suppose p - 63 - 21 = -4*s, 4*p - 56 = -2*s. Calculate the highest common factor of s and 48.
4
Suppose 0 = -4*k + 5*k. Suppose -4*z + k*z = -3*f - 31, 2*z + f - 3 = 0. What is the highest common factor of 12 and z?
4
Let a = -107 + 113. Let f be 741/9*18/a. Calculate the highest common factor of 13 and f.
13
Let v(x) = -x + 35. Let u be v(-4). Calculate the highest common factor of 156 and u.
39
Suppose -q = -5*t - 2 - 41, -4*q = 4*t + 20. Let l be 12 + -2*12/t. What is the highest common divisor of 5 and l?
5
Suppose 2*a = -5*d + 51, 0 = -d - 4*a + 12 + 9. Calculate the highest common divisor of d and 36.
9
Let z = -2290 + 3676. What is the highest common divisor of z and 99?
99
Let d = 1007 + -791. What is the highest common divisor of d and 27?
27
Suppose 32*j = 35*j + w - 193, -2*j - 2*w + 134 = 0. Suppose 0 = 5*c + 3*f - 51, -2*c + 4*f = -3*c + 17. Calculate the highest common divisor of c and j.
9
Let z(u) = -u**3 + 20*u**2 - 18*u - 15. Let s be z(19). Suppose -s*b = c - 23, -14 = -c - 2*b + 1. Calculate the highest common divisor of 49 and c.
7
Suppose -37 + 40 = 3*z. Suppose -24 = -5*r + 3*f, 0 = -4*r - 0*r + 2*f + 20. Let q = 9 - r. Calculate the greatest common factor of q and z.
1
Let m be (1 - -16)*6/(-4)*2. Let k = m + 211. Calculate the greatest common divisor of k and 20.
20
Suppose 2*n = -2*n + 4*b - 4, 0 = n + 3*b - 3. Suppose n = 3*l + 6*l - 189. Calculate the highest common divisor of l and 7.
7
Suppose 19*z - 260 = 14*z + u, 2*u - 245 = -5*z. Calculate the highest common divisor of 578 and z.
17
Let u(f) = f + 23. Let b be u(0). Suppose -2*o - b = -3*m + 20, 2*m - 29 = o. Let w = 573 + -563. Calculate the highest common divisor of m and w.
5
Suppose -5*p + 46 - 1 = 0. Suppose p*u + 40 = 10*u. Let x be (-4)/6*60/(-8). What is the greatest common divisor of x and u?
5
Let r(c) = c + 12. Let p = -18 + 7. Let t be r(p). Calculate the greatest common factor of 9 and t.
1
Let f be 876/3 + 22 + -15. What is the greatest common factor of f and 52?
13
Let k be 72/45*60/16. What is the greatest common factor of 6 and k?
6
Let s be (-9)/135*5 - 2594/(-6). Let h = -9 + 57. What is the greatest common divisor of s and h?
48
Suppose f - 2343 = -4*p, 6*f - 10*f = 4*p - 2352. Calculate the highest common divisor of p and 90.
45
Let b be (-2)/(-4)*2*50. Suppose -3*j - 44 = -5*k + 78, 3*k + 4*j - b = 0. Let g be (3/1)/((-3)/(-11)). What is the highest common factor of g and k?
11
Let b be -3 - (-2)/(2/3). Suppose b*w - w = -2. Calculate the highest common divisor of w and 4.
2
Let m(x) = -x**3 + 5*x**2 + x - 1. Let l be m(4). Let c = l - 17. Suppose -34 = -c*k + 134. What is the highest common factor of k and 12?
12
Suppose 4*l + 11 = 5*r - 4*r, l + 